- 17)) + (277 - 294)
-1
Calculate (-20 - -12) + (-5 - (-7 - -2)).
-8
-10 + (-23 - -66) + -20
13
29 + -1 + (8 + (6 - 12) - 11)
19
-24 + 22 + -4 - -21
15
9 - -1 - ((9 - -2) + 5 + -11)
5
What is (21 + -38 - -33) + 15?
31
Evaluate 3 + (31 + -28 - (-1 + 8)).
-1
What is (-5 + 13 + -9 - 5) + -1?
-7
Evaluate (1 - -1) + (6 - 12 - 10).
-14
Calculate 38 - 57 - (-39 + -6).
26
Calculate (-13 - -2) + 18 - -5.
12
Evaluate -3 + -2 + (6 + 5 - (1 + 6)).
-1
What is (1 + 10 + 8 + -8 - -1) + -37?
-25
Calculate (18 - 22) + (1 - 0) - (-3 - -4).
-4
Calculate (75 - 87) + (11 - -1).
0
What is -4 - (1 - -1) - (-392 + 374)?
12
-4 - -4 - (2 + 15 - 9)
-8
What is the value of 3 + (-4 - (-9 + -1)) + -8?
1
What is 32 - 27 - ((-8 - -9) + (-1 - -22))?
-17
Evaluate 73 - 68 - (3 + -3 + -2 - -4).
3
(-5 - 0) + (-62 - -74)
7
What is the value of (-14 - -17 - -9) + -4 + 1?
9
What is -4 + (13 + -16 - (-20 - (3 + -2)))?
14
Evaluate 0 + 6 + (18 - 32) - -18.
10
What is -1 + 8 - (-47 - -66)?
-12
Evaluate 19 + -5 + 11 + 30 + -47.
8
Calculate 2 + -1 + 5 + 2 + -9 + 6.
5
Evaluate (-3 - (16 - (3 + 4) - 2)) + -7.
-17
What is the value of 11 + ((-6 - -25) + -4 - 11)?
15
What is the value of 0 + (17 - (-14 + 15))?
16
Calculate -14 + 0 + -36 + 50 + 28.
28
Evaluate (9 - 20) + (-8 - -10 - -2).
-7
31 - 25 - (3 - 9)
12
Calculate 256 + -283 - (6 + -69).
36
(10 - -12) + (-14 - (-6 + 1))
13
Evaluate 19 - 40 - (-7 - 9) - 8.
-13
What is 853 - 838 - (-2 + 0 + 27)?
-10
Calculate -8 + -2 + 6 - -13 - 4.
5
12 + (-11 + -21 + 5 - 5 - 7)
-27
Evaluate (-12 - -1) + (-6 - 1 - -11).
-7
Calculate 18 - (-11 - (-8 - (-5 - -3)) - -10).
13
(17 - 16) + 8 - -2
11
What is the value of 5 - (-24 - (-36 - 28))?
-35
(2 - -3) + -9 + -1 + 14 - -5
14
What is the value of (2 - 0) + (-4 - 11 - -7) + 8?
2
What is the value of (-13 + 6 - (-8 - 7 - -3)) + 6?
11
What is the value of -30 + 3 - (-53 - -11)?
15
What is the value of 19 + 4 + -14 - 16 - 8?
-15
What is the value of -1 + (7 - 4 - -4) + (-13 - 2)?
-9
Calculate -5 - 17 - -17 - -1.
-4
What is the value of (15 - 11 - (3 - -4 - 1)) + -3?
-5
What is -8 + -15 + 14 + (1 - -2)?
-6
Evaluate -7 + 4 + 1 + -52 + 48 + 1.
-5
-3 - ((1 - -7) + (-45 - -48))
-14
33 - (-26 - (-49 - -16))
26
What is the value of -389 + 410 - (0 + 8)?
13
Calculate -30 - -41 - 45 - -20.
-14
Evaluate (2 + -2 + 1 - 2) + (-110 - -120).
9
Calculate 0 - (3 + -10 + 1 + 0 + 0).
6
Calculate -8 - 3 - -8 - (-2 - (-2 + 2)).
-1
Calculate -23 - -17 - (4 + -5 - 1).
-4
What is (1 - (4 + -3 + 7)) + 19?
12
Calculate -54 + 59 + -5 + -33.
-33
What is the value of 8 + -22 + 2 + 7 + 3?
-2
Evaluate -15 + (6 - -9) + 1.
1
(-6 - 53) + 66 - (1 - -28)
-22
16 - (-5 - -15 - 15 - 1)
22
Calculate (11 - (8 + 4)) + -5 + -19.
-25
(-22 + 12 + 4 - -27) + 3
24
What is -17 + -3 + (-27 - -19)?
-28
(-2 + -8 - 1) + -75 + 68
-18
-17 + (-18 - -37) - (13 + -1)
-10
-2 - 13 - (9 + (16 - 23))
-17
Calculate 7 - (-8 + -3 + (-9 - -9)).
18
What is the value of 5 + 1 + (-8 - -4 - 2) + 12?
12
What is 6 - (5 - (-1 - 13))?
-13
Evaluate -2649 + 2671 + -2 + -13 + 2.
9
Evaluate 3 - 4 - (-8 + 14 - 16).
9
What is -8 - (-7 + 4 + -2)?
-3
(-11 - 17) + 24 + 15
11
What is the value of (24 + -16 + -1 - 29) + -1 + 10?
-13
Calculate -5 - (4 + -8 + 4 + 2 + 5).
-12
Evaluate -14 - -28 - -11 - (2 + 7 + -2).
18
9 + -7 + 0 + (14 - -1 - 10)
7
What is 2 - -4 - ((-5 - 4) + (-18 - -20))?
13
-35 + -9 + 26 + (4 - 2)
-16
(-12 - -17) + -13 - -15
7
-3 - -3 - 19 - (-38 - -36)
-17
Calculate -6 + (4 - (-6 + 18 - 0)).
-14
What is the value of 22 + 2 + -19 - (1 - 5)?
9
What is -37 + 19 + 26 - -27?
35
What is 108 + -100 - ((-2 - 0) + 2) - -2?
10
0 - 5 - (-14 + 1 + (1 - 4))
11
What is the value of -8 - -3 - (12 + (12 - 36))?
7
What is the value of -2 + 8 - (49 - 45) - -9?
11
-36 + 31 + -3 + (-5 - -7 - 3)
-9
Evaluate -14 + (-8 - 2 - -1).
-23
12 + -5 + 11 + -18
0
Evaluate 0 - -1 - ((3 - 12) + 10 - -5).
-5
Calculate (2 - -9) + -15 + 14 + 5.
15
Calculate -1 + (-17 - (1 - (1 - -12))) + -29.
-35
Evaluate 8 - (38 + 9 - 22).
-17
-6 - (2 - (6 + -7))
-9
What is -13 + -1 - (0 - -5) - -5?
-14
18 - (-21 - -16 - (-3 + -11)) - 26
-17
10 - 22 - ((-10 - (-3 - 0)) + 3)
-8
What is the value of (4 + (8 - 5) - 8) + -7?
-8
-2 + (-10 + -2 - (28 - 33))
-9
Calculate (-11 + 11 - 10) + -7 + (7 - 3).
-13
(6 - -45 - 25) + -19
7
Calculate (1 - -15) + -48 + 30.
-2
Calculate (-23 - -4) + 24 + -26.
-21
(10 - 14) + -2 + (1 - -6)
1
-31 - -35 - ((0 - -1) + -19) - 6
16
Evaluate -13 + 5 - (2 + -12 + -10).
12
What is the value of 0 + (16 - 2) - (-19 + (14 - -6))?
13
-5 + -8 + 15 + 4 + -11
-5
What is the value of (-35 - (-34 - -34)) + 19?
-16
-40 - -12 - (-4 - (4 + (-5 - -5)))
-20
12 + (-11 - ((-7 - -1) + 34))
-27
What is -28 + (8 - -15) - -1?
-4
What is the value of 25 + (43 - 21) + -52?
-5
5 + 1 + (-9 - (8 - (7 + -3)))
-7
Evaluate 4 + 1 + 4 + (8 - 9).
8
13 + -27 + 57 + -20
23
What is the value of (-4 - -5) + (3 - -3) + -2 + -12?
-7
What is the value of (9 - -1) + (-7 - -3) + -1 + -1?
4
Evaluate (11 - (-38 + 49)) + -3.
-3
Evaluate 40 + -98 + 48 - (0 - 10).
0
Evaluate -10 - (12 + -11) - -7.
-4
Calculate -11 - -6 - 6 - -1.
-10
Evaluate (0 - -6) + -6 + 4 + -13.
-9
0 + -3 + (50 - 15) + (-23 - -5)
14
What is (-18 - (-17 + -4)) + -12?
-9
What is -1 + (-2 - -2) + -31 + (15 - 3)?
-20
(5 - -10) + (-70 - -39)
-16
What is the value of -4 + -8 + (12 - 9) + 9 + -5?
-5
Evaluate (-6 - (8 + -5) - -1) + 17 - 28.
-19
What is the value of -5 - 0 - (-54 - -65) - -3?
-13
What is the value of 25 + (8 - -2) + (-6 - 1) + -7?
21
What is -12 - ((-39 - 3) + (-3 - -5))?
28
What is (-7 - (-6 - 10) - 6) + -6?
-3
What is 16 - 4 - (66 - 72)?
18
What is the value of 0 + 28 + -14 + -12?
2
Calculate (-92 - -41 - -39) + (2 - -24).
14
Calculate 157 + -148 + (-14 + 1 - 1) - -13.
8
What is the value of 5 - -1 - ((17 - 4) + -20 - -11)?
2
What is (-11 - -1) + 26 - 17?
-1
What is (-4 + 14 - 12) + -4?
-6
What is the value of -30 - -14 - (-6 - (10 + -21))?
-21
What is -6 + 1 + 0 + 0 + 17 - 2?
10
What is -4 - (5 + 8 + -14 - (0 + -20))?
-23
Calculate 1 + -17 - -12 - -3.
-1
What is the value of (20 - (-18 - -7)) + -20?
11
Calculate 0 - -6 - (34 + (9 + -7 - 10)).
-20
Calculate (-9 + (3 - -1) - -4) + -37 - -9.
-29
(5 - (11 - -3)) + 4 + -7
-12
What is 21 + 21 + (-30 - -3)?
15
Calculate (-3 + (-9 - 1) + 4 - 0) + 26.
17
Calculate (10 + 18 - 22) + -2 + 1 - 8.
-3
Evaluate 11 + -38 - 2 - -4.
-25
-127 - -141 - (13 - 0) - (12 - 0)
-11
What is the value of (-41 - (-4 - 9)) + -4?
-32
Calculate (2 - (-3 - (-1 - 1))) + (-137 - -152).
18
What is -18 + 11 + -1 - (-3 + 2 + -4)?
-3
What is the value of (-19 - -20) + (-1 - 4) + (10 - -8)?
14
What is -16 + (19 - ((9 - 8) + 9))?
-7
-4 - (-13 - -32) - (-7 - -1)
-17
What is the value of -5 - -17 - (-3 - (5 + -4))?
16
(9 - (-3 + 12)) + 10
10
Calculate (-9 + 2 - (-6 - 2)) + -12.
-11
2 + 1 + (17 - 3 - (-4 - -12))
9
Calculate (6 - (-9 + (-6 - -18))) + 3.
6
What is the value of -10 - (-10 - (-11 + 10) - 13)?
12
What is the value of 0 + -17 + (-2 - -10 - 11) + 6?
-14
Evaluate 2 + -1 - ((2 - 6) + 6 - -2).
-3
Evaluate -10 + 23 + 4 - (-12 - -19).
10
What is (-11 - (-33 - -12)) + 7?
17
What is 7 + (1 - 1) + (-2 - -1) + 0?
6
Evaluate -10 - (-6 - -2) - (37 + -30).
-13
-47 - (-20 + 28 - 40)
-15
(-10 - -1) + (12 + -7 - 4)
-8
-15 + 16 + (-13 - -16)
4
14 - (60 + -25 - 13)
-8
What is the value of 18 - -3 - (-104 - -113)?
12
What is -10 + 1 - (-4 + -3)?
-2
What is (-11 - -26) + -5 + -4 + 20?
26
What is the value of (-750 - -729) + (32 - 1)?
10
What is (6 - (-6 - -6) - 10) + -1?
-5
What is 10 - (-7 + 2 - (7 + -8 - 3))?
11
Evaluate -4 + (-34 + 36 - (-1 - -7)) - -19.
11
What is the value of 0 + 2 + -59 + -1 + 60?
2
-91 + 92 + (-2 + -28 - -4)
-25
What is 52 + -58 + (0 - -4) - -8?
6
What is the value of 27 - (6 + -15 - (7 + -19))?
24
(5 - (-5 + 3)) + 1 + -20 + 0
-12
9 + 2 + (-105 - -104) + -8
2
Evaluate (3 - -37) + 1 - (275 - 265).
31
Evaluate -2 + 21 + -30 - (-15 - 1).
5
What is the value of -1 + -8 + (56 - 38) + 13?
22
What is the value of 19 + 10 + (-2 - -5 - 5)?
27
What is the value of ((24 - 20) + (-8 - -1) - -3) + 26?
26
9 + (-7 - (-13 - -6)) + 1
10
What is -228 - -175 - (1 + -6 - 14)?
-34
Evaluate 3 - 12 - (11 - 43).
23
What is 2 - (4 + 2) - (-4 - -12)?
-12
What is the value of 1 + -10 + -10 + 9 + (-7 - -4)?
-13
What is 6 - ((-5 - 5 - -11) + -2)?
7
Evaluate -24 - (6 + -18 +